mainder when 1921546 is divided by 430?
306
Calculate the remainder when 2063011 is divided by 1031342.
327
Calculate the remainder when 52610514 is divided by 393.
390
What is the remainder when 147552 is divided by 2893?
9
What is the remainder when 3586950 is divided by 597823?
12
What is the remainder when 15996876 is divided by 7998438?
0
What is the remainder when 128459 is divided by 514?
473
What is the remainder when 1356088 is divided by 75337?
22
Calculate the remainder when 14905367 is divided by 392246.
19
Calculate the remainder when 55433 is divided by 210.
203
What is the remainder when 39088781 is divided by 147?
11
Calculate the remainder when 17680331 is divided by 2946714.
47
Calculate the remainder when 15970384 is divided by 126.
10
What is the remainder when 1485165 is divided by 59404?
65
What is the remainder when 6223999 is divided by 2463?
2461
What is the remainder when 50307 is divided by 6389?
5584
What is the remainder when 27754 is divided by 24?
10
What is the remainder when 665425 is divided by 15?
10
What is the remainder when 3920676 is divided by 12?
0
What is the remainder when 64063 is divided by 1349?
660
Calculate the remainder when 5071304 is divided by 1691.
1686
What is the remainder when 4844629 is divided by 86?
77
Calculate the remainder when 382042 is divided by 31832.
58
Calculate the remainder when 558609 is divided by 139553.
397
Calculate the remainder when 40259 is divided by 20.
19
What is the remainder when 5672445 is divided by 5672431?
14
What is the remainder when 64721029 is divided by 25?
4
What is the remainder when 4945 is divided by 2378?
189
Calculate the remainder when 381256 is divided by 95311.
12
Calculate the remainder when 2907782 is divided by 969191.
209
What is the remainder when 12898376 is divided by 7?
1
What is the remainder when 1331380 is divided by 147?
1
Calculate the remainder when 394725 is divided by 310.
95
What is the remainder when 359876 is divided by 5370?
86
Calculate the remainder when 12724251 is divided by 178.
99
Calculate the remainder when 1194675 is divided by 643.
624
What is the remainder when 43353669 is divided by 59?
56
Calculate the remainder when 855801 is divided by 4672.
825
Calculate the remainder when 8361722 is divided by 2090405.
102
What is the remainder when 13097703 is divided by 33?
3
What is the remainder when 1420164 is divided by 338?
226
What is the remainder when 338532 is divided by 14718?
18
What is the remainder when 3394894 is divided by 1131605?
79
What is the remainder when 134039 is divided by 6092?
15
Calculate the remainder when 21322 is divided by 802.
470
Calculate the remainder when 1042417 is divided by 12852.
1405
What is the remainder when 4985314 is divided by 332?
2
What is the remainder when 548312 is divided by 228?
200
Calculate the remainder when 219715484 is divided by 19.
16
Calculate the remainder when 733474 is divided by 955.
34
What is the remainder when 848185 is divided by 33?
19
What is the remainder when 26030756 is divided by 4314?
80
What is the remainder when 3199482 is divided by 5947?
5943
Calculate the remainder when 951630 is divided by 402.
96
What is the remainder when 282946 is divided by 141355?
236
What is the remainder when 8804030 is divided by 4352?
4286
What is the remainder when 5454164 is divided by 3987?
3935
Calculate the remainder when 345460 is divided by 345390.
70
Calculate the remainder when 1137091 is divided by 180.
31
What is the remainder when 17973 is divided by 1125?
1098
What is the remainder when 22567 is divided by 920?
487
What is the remainder when 1619200 is divided by 46?
0
What is the remainder when 24545402 is divided by 11157?
2
Calculate the remainder when 1746215 is divided by 86.
71
What is the remainder when 1475555 is divided by 154?
81
What is the remainder when 5019761 is divided by 13386?
11
What is the remainder when 540493 is divided by 89470?
3673
What is the remainder when 127651 is divided by 591?
586
Calculate the remainder when 50049 is divided by 24981.
87
Calculate the remainder when 3031208 is divided by 12176.
11560
What is the remainder when 1275045 is divided by 1423?
37
What is the remainder when 331269 is divided by 168?
141
What is the remainder when 2272645 is divided by 322?
291
Calculate the remainder when 52334806 is divided by 7.
6
What is the remainder when 5679232 is divided by 1106?
1028
Calculate the remainder when 246691 is divided by 6698.
5563
What is the remainder when 3052546 is divided by 368?
354
Calculate the remainder when 89030316 is divided by 15.
6
What is the remainder when 9014 is divided by 804?
170
Calculate the remainder when 36140 is divided by 2452.
1812
Calculate the remainder when 1098274 is divided by 4775.
24
Calculate the remainder when 3157029 is divided by 975.
954
What is the remainder when 1274415 is divided by 176?
175
What is the remainder when 637664 is divided by 212517?
113
Calculate the remainder when 136078 is divided by 67816.
446
Calculate the remainder when 45679 is divided by 68.
51
What is the remainder when 693505 is divided by 11182?
221
What is the remainder when 5462953 is divided by 115?
108
Calculate the remainder when 384641 is divided by 94.
87
Calculate the remainder when 8309465 is divided by 68.
1
Calculate the remainder when 8377916 is divided by 181.
150
What is the remainder when 14735335 is divided by 152?
151
What is the remainder when 403819 is divided by 12573?
1483
What is the remainder when 880442 is divided by 12947?
46
Calculate the remainder when 318454 is divided by 257.
31
Calculate the remainder when 1313288 is divided by 767.
184
What is the remainder when 6197401 is divided by 136?
17
What is the remainder when 53469 is divided by 799?
735
Calculate the remainder when 2873499 is divided by 763.
41
What is the remainder when 8818179 is divided by 10101?
6
Calculate the remainder when 31119 is divided by 7493.
1147
What is the remainder when 8344983 is divided by 32?
23
What is the remainder when 155539 is divided by 3167?
356
Calculate the remainder when 389072 is divided by 16881.
809
Calculate the remainder when 425185 is divided by 70759.
631
What is the remainder when 113088 is divided by 582?
180
Calculate the remainder when 1226020 is divided by 1246.
1202
Calculate the remainder when 32459202 is divided by 1352466.
18
Calculate the remainder when 28936726 is divided by 42.
28
What is the remainder when 9025681 is divided by 12432?
49
Calculate the remainder when 7547174 is divided by 1481.
1479
Calculate the remainder when 175190747 is divided by 7.
4
Calculate the remainder when 52382912 is divided by 856.
848
What is the remainder when 2741638 is divided by 124?
122
Calculate the remainder when 101845 is divided by 47826.
6193
What is the remainder when 87232 is divided by 807?
76
What is the remainder when 900523 is divided by 915?
163
What is the remainder when 2921413 is divided by 145982?
1773
What is the remainder when 418128 is divided by 208871?
386
Calculate the remainder when 663880 is divided by 9903.
379
Calculate the remainder when 40384 is divided by 20181.
22
What is the remainder when 16372 is divided by 4034?
236
Calculate the remainder when 1134134 is divided by 123.
74
What is the remainder when 219307150 is divided by 48?
46
Calculate the remainder when 18900 is divided by 308.
112
What is the remainder when 57219 is divided by 1618?
589
Calculate the remainder when 1194404 is divided by 490.
274
Calculate the remainder when 81101 is divided by 290.
191
Calculate the remainder when 3716648 is divided by 2243.
2240
Calculate the remainder when 31999567 is divided by 21.
19
What is the remainder when 77652 is divided by 19157?
1024
What is the remainder when 3189578 is divided by 178?
174
What is the remainder when 251153 is divided by 625?
528
What is the remainder when 5823205 is divided by 176460?
25
Calculate the remainder when 546927 is divided by 331.
115
Calculate the remainder when 1642319 is divided by 277.
263
What is the remainder when 6615566 is divided by 1491?
1490
Calculate the remainder when 89381061 is divided by 2922.
3
What is the remainder when 1043270 is divided by 9653?
746
What is the remainder when 52612